 is the remainder when 132 is divided by 20?
12
What is the remainder when 107 is divided by 57?
50
What is the remainder when 168 is divided by 46?
30
What is the remainder when 36 is divided by 24?
12
Calculate the remainder when 503 is divided by 166.
5
Calculate the remainder when 86 is divided by 22.
20
What is the remainder when 5502 is divided by 1833?
3
Calculate the remainder when 153 is divided by 106.
47
Calculate the remainder when 143 is divided by 37.
32
What is the remainder when 41 is divided by 15?
11
What is the remainder when 145 is divided by 82?
63
What is the remainder when 288 is divided by 59?
52
Calculate the remainder when 27 is divided by 19.
8
What is the remainder when 353 is divided by 32?
1
What is the remainder when 793 is divided by 67?
56
What is the remainder when 6031 is divided by 670?
1
Calculate the remainder when 26 is divided by 5.
1
What is the remainder when 10004 is divided by 29?
28
Calculate the remainder when 310 is divided by 89.
43
What is the remainder when 45 is divided by 9?
0
Calculate the remainder when 582 is divided by 192.
6
Calculate the remainder when 53 is divided by 46.
7
What is the remainder when 2694 is divided by 55?
54
Calculate the remainder when 105 is divided by 18.
15
What is the remainder when 231 is divided by 215?
16
What is the remainder when 162 is divided by 85?
77
What is the remainder when 81 is divided by 6?
3
Calculate the remainder when 659 is divided by 34.
13
Calculate the remainder when 318 is divided by 96.
30
Calculate the remainder when 2450 is divided by 22.
8
What is the remainder when 477 is divided by 159?
0
What is the remainder when 2132 is divided by 18?
8
Calculate the remainder when 636 is divided by 11.
9
Calculate the remainder when 1385 is divided by 372.
269
What is the remainder when 469 is divided by 4?
1
Calculate the remainder when 440 is divided by 52.
24
What is the remainder when 1465 is divided by 9?
7
What is the remainder when 2810 is divided by 37?
35
Calculate the remainder when 480 is divided by 21.
18
What is the remainder when 472 is divided by 109?
36
What is the remainder when 62 is divided by 25?
12
Calculate the remainder when 443 is divided by 6.
5
What is the remainder when 11795 is divided by 19?
15
Calculate the remainder when 407 is divided by 161.
85
Calculate the remainder when 1526 is divided by 19.
6
What is the remainder when 2436 is divided by 97?
11
Calculate the remainder when 712 is divided by 119.
117
What is the remainder when 146 is divided by 10?
6
Calculate the remainder when 4547 is divided by 52.
23
What is the remainder when 337 is divided by 34?
31
What is the remainder when 1119 is divided by 51?
48
Calculate the remainder when 143 is divided by 21.
17
What is the remainder when 82 is divided by 21?
19
What is the remainder when 2518 is divided by 14?
12
What is the remainder when 51 is divided by 35?
16
Calculate the remainder when 154 is divided by 58.
38
Calculate the remainder when 185 is divided by 16.
9
What is the remainder when 102 is divided by 44?
14
What is the remainder when 1695 is divided by 371?
211
What is the remainder when 61 is divided by 11?
6
What is the remainder when 3801 is divided by 103?
93
What is the remainder when 255 is divided by 32?
31
What is the remainder when 565 is divided by 147?
124
What is the remainder when 311 is divided by 16?
7
What is the remainder when 4460 is divided by 46?
44
Calculate the remainder when 436 is divided by 140.
16
What is the remainder when 6252 is divided by 106?
104
What is the remainder when 782 is divided by 164?
126
What is the remainder when 7931 is divided by 128?
123
What is the remainder when 412 is divided by 105?
97
Calculate the remainder when 298 is divided by 61.
54
What is the remainder when 3796 is divided by 21?
16
What is the remainder when 44885 is divided by 124?
121
What is the remainder when 12777 is divided by 13?
11
Calculate the remainder when 751 is divided by 194.
169
What is the remainder when 6833 is divided by 620?
13
Calculate the remainder when 7 is divided by 3.
1
What is the remainder when 70 is divided by 20?
10
What is the remainder when 5931 is divided by 33?
24
What is the remainder when 669 is divided by 113?
104
What is the remainder when 118 is divided by 12?
10
Calculate the remainder when 251 is divided by 43.
36
What is the remainder when 67 is divided by 14?
11
Calculate the remainder when 60 is divided by 16.
12
What is the remainder when 127 is divided by 38?
13
What is the remainder when 1589 is divided by 318?
317
Calculate the remainder when 270 is divided by 35.
25
What is the remainder when 69 is divided by 32?
5
What is the remainder when 68174 is divided by 101?
100
Calculate the remainder when 342 is divided by 29.
23
What is the remainder when 490 is divided by 88?
50
What is the remainder when 516 is divided by 13?
9
What is the remainder when 60 is divided by 23?
14
What is the remainder when 12574 is divided by 967?
3
Calculate the remainder when 536 is divided by 12.
8
Calculate the remainder when 359 is divided by 95.
74
What is the remainder when 254 is divided by 15?
14
What is the remainder when 498 is divided by 265?
233
Calculate the remainder when 128 is divided by 52.
24
Calculate the remainder when 565 is divided by 77.
26
Calculate the remainder when 429 is divided by 9.
6
What is the remainder when 894 is divided by 871?
23
What is the remainder when 362 is divided by 123?
116
Calculate the remainder when 2357 is divided by 130.
17
What is the remainder when 280 is divided by 76?
52
Calculate the remainder when 165 is divided by 42.
39
Calculate the remainder when 105 is divided by 23.
13
Calculate the remainder when 161 is divided by 31.
6
What is the remainder when 568 is divided by 115?
108
What is the remainder when 86 is divided by 45?
41
Calculate the remainder when 446 is divided by 247.
199
Calculate the remainder when 96 is divided by 9.
6
What is the remainder when 66 is divided by 17?
15
Calculate the remainder when 182 is divided by 70.
42
Calculate the remainder when 134 is divided by 36.
26
What is the remainder when 1139 is divided by 19?
18
Calculate the remainder when 194 is divided by 28.
26
Calculate the remainder when 989 is divided by 32.
29
What is the remainder when 1166 is divided by 13?
9
What is the remainder when 357 is divided by 34?
17
What is the remainder when 581 is divided by 118?
109
Calculate the remainder when 515 is divided by 104.
99
What is the remainder when 569 is divided by 10?
9
Calculate the remainder when 7376 is divided by 45.
41
What is the remainder when 2180 is divided by 23?
18
Calculate the remainder when 1049 is divided by 10.
9
Calculate the remainder when 501 is divided by 84.
81
Calculate the remainder when 4441 is divided by 202.
199
What is the remainder when 506 is divided by 106?
82
Calculate the remainder when 77 is divided by 20.
17
Calculate the remainder when 343 is divided by 48.
7
What is the remainder when 1097 is divided by 122?
121
Calculate the remainder when 139 is divided by 54.
31
Calculate the remainder when 59 is divided by 12.
11
What is the remainder when 1517 is divided by 10?
7
Calculate the remainder when 827 is divided by 170.
147
Calculate the remainder when 440 is divided by 74.
70
What is the remainder when 245 is divided by 83?
79
What is the remainder when 119 is divided by 30?
29
Calculate the remainder when 17135 is divided by 168.
167
Calculate the remainder when 2804 is divided by 9.
5
What is the remainder when 163 is divided by 150?
13
Calculate the remainder when 674 is divided by 75.
74
Calculate the remainder when 573 is divided by 561.
12
What is the remainder when 804 is divided by 27?
21
Calculate the remainder when 471 is divided by 43.
41
Calculate the remainder when 163 is divided by 24.
19
Calculate the remainder when 104 is divided by 38.
28
Calculate the remainder when 2593 is divided by 30.
13
What is the remainder when 609 is divided by 498?
111
What is the remainder when 16 is divided by 3?
1
Calculate the remainder when 321 is divided by 90.
51
Calculate the remainder when 92 is divided by 57.
35
What is the remainder when 367 is divided by 15?
7
Calculate the r